*i = -0*i + 2*w + 16. What is the units digit of i?
2
Let z = 123 + -95. What is the tens digit of z?
2
Let t be (-100)/3 - (-9)/27. What is the units digit of 12/9*t/(-2)?
2
Let b(w) = w**2 - 4*w + 14. What is the units digit of b(-5)?
9
Let y = 2 - 0. Let j be 4*1 - (-2)/(-2). Suppose -j*g + 6 = -3*v, 3*g - y*v - 4 = 1. What is the units digit of g?
1
Let z(t) = -t - 3. Suppose -4*b - 7*d - 53 = -2*d, -5*b + 5*d - 10 = 0. Let r = b + -3. What is the units digit of z(r)?
7
What is the units digit of -2 + -1 + 95*4 + -1?
6
Let p be 0/1 + (-1 - -3). Let q be (-204)/(-28) - (-2)/(-7). Let h = q - p. What is the units digit of h?
5
Suppose -3 = -3*w - 0. What is the units digit of ((-60)/(-35))/(w/7)?
2
Let r(h) = h**3 + 13*h**2 - 2*h - 15. What is the units digit of r(-8)?
1
Let t(i) = -7*i**2 + 12*i. Let v(f) = 13*f**2 - 24*f + 1. Let l(z) = -11*t(z) - 6*v(z). What is the tens digit of l(8)?
2
Let s = -151 - -218. What is the units digit of s?
7
Let f be (-5)/(-1)*(-5 - -6). Let o(z) = z**3 - 5*z**2 + z + 4. Let u be o(f). Suppose -3*w = -0*w - 15, -4*s = w - u. What is the units digit of s?
1
Suppose -2*l - v = -0*l + 1, -5*v - 5 = -l. Let r be l/(-3 + 3 - 2). Let j = r - -1. What is the units digit of j?
1
Let u(v) = v**2 - v + 2. Let o be u(0). Let h = 1 + o. What is the units digit of h?
3
Suppose -1296 = 14*m - 20*m. What is the tens digit of m?
1
Let l = 112 + 83. What is the units digit of l?
5
Let h(q) = 2*q**3 - 8*q**2 + 3*q - 6. Let u(d) = d**3 - d**2 - 1. Let c(g) = h(g) - 3*u(g). What is the tens digit of c(-6)?
1
Suppose 0 = -2*p - 2 - 2, -4*p + 107 = 5*q. Let g = q - -1. Let w = -16 + g. What is the units digit of w?
8
Let a(d) = -d**3 + d**2 + d + 1. Let f(g) = 7*g**3 - 9*g**2 - 6*g + 1. Let m(y) = 6*a(y) + f(y). What is the units digit of m(3)?
7
Let n be (1 + -2)/(1/(-4)). Suppose -n*i + 108 = -2*i. Suppose -i = -4*y - 6. What is the units digit of y?
2
Let y(o) = -27*o + 2. What is the tens digit of y(-3)?
8
Let u(d) = 6*d**2 + 20*d + 21. What is the tens digit of u(-8)?
4
Let o(l) = -l**2 - 24*l - 10. What is the units digit of o(-14)?
0
Suppose 0 = 2*x - 5*s - 18, 3*s + 0*s + 2 = -x. Suppose 0 = -2*g, 4*l + g - 6*g + x = 0. Let p = l - -5. What is the units digit of p?
4
Let i be (28/8)/((-2)/4). Let g = 19 + i. What is the units digit of g?
2
Suppose -6*s + 2*s = 0. Let d be 18*(1 + 2)/9. Suppose d*x - 3*x + q - 41 = s, -24 = -2*x - 4*q. What is the units digit of x?
4
Let y = 29 + -3. What is the tens digit of y?
2
Suppose -5*v = k - 49, -3*v - 28 = -6*v - 2*k. What is the tens digit of v?
1
Suppose -3*h + 10 = 25. Let y(p) = 2*p - 4. Let s(k) = -5*k + 8. Let a(w) = 3*s(w) + 7*y(w). What is the units digit of a(h)?
1
Let m(l) = l**2 - 8*l + 5. Let g be m(8). Suppose -5*t - 20 = -g*b, -2*b + 3*t + 2 = -8. What is the units digit of b?
2
Let l = -16 - -34. Suppose 2*g - 10 = l. What is the units digit of g/1*1/2?
7
Suppose 0 = -c + 6 - 3. Suppose -4*h = -2*h - 36. Suppose -3*z = -3*u - 18, h = 5*z + c*u - 4*u. What is the units digit of z?
3
Suppose 13 + 282 = -5*t. Let x = -31 - t. What is the units digit of x?
8
Let w(j) = 17*j + 29. What is the units digit of w(12)?
3
Let z(u) = -u - 6. Let f be z(-6). Suppose -4*c - 4*x + 2 = -2, 5*c - x - 23 = f. What is the units digit of c?
4
Let y(h) be the second derivative of -h**3/6 + 2*h**2 + 2*h. Suppose -3*s + 2*s = 4. What is the units digit of y(s)?
8
Let q(p) = 3*p + 5*p + 2*p - 3*p. What is the tens digit of q(2)?
1
Let p = 6 + -4. Let f(r) = 2 + 5*r**p + 1 - 4*r**2. What is the units digit of f(0)?
3
Let t(u) = -u - 2. Let f be t(-5). Suppose -58 = -f*r + 20. What is the tens digit of r?
2
What is the hundreds digit of (-15)/10*-7*14?
1
Suppose 0*q - 5*q - 4*c + 214 = 0, -2*q + c = -83. What is the units digit of q?
2
Let l be (-6)/33 - 312/(-22). Suppose -2*w + l = -0*w. What is the units digit of w?
7
Suppose 24 = 4*p - 16. Let f(x) = x**3 - 5*x**2 - 4*x - 5. Let r be f(6). Let y = p - r. What is the units digit of y?
3
Let y = -5 + 18. Let f = y + -1. Suppose -4*z + 24 = 2*h, 2*z + h = -3*h + f. What is the units digit of z?
6
Let d(n) = 26*n**2 - 1. What is the tens digit of d(1)?
2
Let p(y) = -3*y - 29. Let i be p(-9). Suppose 0 = -0*r - r. Let j = r - i. What is the units digit of j?
2
Let w = -11 - -22. Let t = 12 - w. What is the units digit of t?
1
Suppose 3*v + 29 = 44. What is the units digit of v?
5
Suppose n + 8*h - 44 = 3*h, 2*h = 0. What is the units digit of n?
4
Suppose 0 = -4*m + 4*a - 0*a + 104, 3*a - 6 = 0. What is the tens digit of m?
2
Let l = 7 + -5. Suppose -l*z + 4*y = -24, z + y = -4*y - 16. What is the units digit of z?
4
Let c(v) = v**2 - 4*v + 4. Let a be c(3). Let r be (1 - -1)/(a/2). Suppose -s = r*b - 19, -s + 2*s = 4*b - 13. What is the units digit of b?
4
Suppose 5 = v - 9. Let g(k) = -k**3 + 13*k**2 + 14*k + 2. What is the units digit of g(v)?
2
Let s = 99 + -67. What is the units digit of s?
2
Let t(h) = 17*h + 3. What is the units digit of t(1)?
0
Let y(d) = -2*d**3 - 4*d**2 - 8*d - 16. What is the units digit of y(-4)?
0
Suppose 2 = a - 13. What is the tens digit of a?
1
What is the units digit of (-3 - -6)/(-6)*-160?
0
Let m be 0 + 1 + 20/4. Let i be m/(-24) - 94/8. Let q = -7 - i. What is the units digit of q?
5
Let a be (-4)/26 + 84/39. Suppose 8 = a*i + 3*m, -5*i - 5*m - 4 = -24. What is the units digit of i?
4
Let h = -3 + 0. What is the units digit of (-48)/40*10/h?
4
Suppose -5*h + 104 + 16 = 0. What is the tens digit of h?
2
Suppose 0 = 5*q + 5*x - 85, 0 = 2*q + x + 3*x - 38. Let n be ((-2)/3)/((-5)/q). Let r = 5 - n. What is the units digit of r?
3
What is the units digit of 69 + 2 + 4 + 0?
5
Let j(l) = 2*l**2 - 10*l - 1 - l**2 - l. What is the tens digit of j(12)?
1
Let y(a) = -a**3 - 6*a**2 - 7*a - 5. Let r be y(-5). Suppose 5*u = 4*q + 24, 2*u + 2*u = r*q + 21. What is the units digit of (-7)/(-2) + u/(-8)?
3
Suppose 6 = 2*a - 4, 3*a = -2*r + 301. What is the tens digit of r?
4
Let m be (1/3)/((-2)/(-18)). Suppose 0 = -m*s + 42 + 3. What is the tens digit of s?
1
Let g = 10 + -7. Suppose 0 = 2*w - 27 + g. What is the tens digit of w?
1
Suppose -h = -3*h. Suppose -16 = -0*d - d. Suppose 4*a + h*a - d = 0. What is the units digit of a?
4
Let r be 18/(-27) + (-16)/(-6). Suppose r*a + 2*a = 0. Let y = a + 10. What is the units digit of y?
0
Suppose -3*k = -2*k. Suppose 2*u + k = -6. What is the units digit of 4/(-1 + (0 - u))?
2
Suppose -3*i + 5*v + 43 + 26 = 0, -5*i + 137 = -v. What is the units digit of i?
8
Suppose -w - 1 - 1 = 5*a, -2 = 2*a. Let b be (w/(-4))/(3/(-12)). Suppose -1 + 7 = b*g. What is the units digit of g?
2
Let j(o) = o + 1. Let n be j(3). Suppose 8 = 4*m - n. What is the units digit of -2*(m - (0 + 7))?
8
Suppose 0 = q + 3 + 2, 0 = 4*j + q - 75. Suppose 2*m = -2*m + j. What is the units digit of m?
5
Suppose 3*u = 5 + 1. Suppose 19 = 2*s + 3*b + 2*b, s = u*b + 32. What is the tens digit of s?
2
Let a = -17 + 17. Suppose -r = 2*y - 47 + 5, a = 3*r. What is the tens digit of y?
2
Let u be 9/4*(-8)/2. Let j = -2 - u. What is the units digit of j?
7
What is the units digit of 3/((-4)/48*-4)?
9
Let w(o) = o + 5. Let x be w(0). Suppose -2*r = -r + 5, -x*b + 3*r = -55. What is the units digit of b?
8
Let d = 241 - 120. What is the tens digit of d?
2
What is the tens digit of (1/(-2))/(1/(-94))?
4
Let g = -2 - 0. Let k = -5 + 2. Let v = g - k. What is the units digit of v?
1
Let f(r) = -15*r + 35. What is the tens digit of f(-8)?
5
Suppose -b + 4*z - 40 = -2*b, -z = 5*b - 105. What is the tens digit of b?
2
Suppose -3*l + 150 = -h, 2*l - 213 = -2*l - 3*h. Suppose -2*f + l = f. What is the units digit of f?
7
Suppose -4*y = -0 - 32. Let a = 0 + y. What is the units digit of a?
8
Let n be (60/(-50))/((-6)/(-20)). Let x(l) = -11*l. Let w be x(-2). What is the tens digit of (w/10)/(n/(-20))?
1
Let t = -9 + 81. What is the units digit of t?
2
Suppose -29*a + 1030 = -24*a. What is the hundreds digit of a?
2
Let i = 16 + -10. Let o(h) = -h**2 + 7*h + 3. Let g be o(i). What is the units digit of (-2)/g - (-168)/27?
6
Suppose 0*k - 4*k = -5*t - 279, 0 = -4*t + 20. Suppose 7*a - 197 = k. What is the units digit of a?
9
Suppose 2*f = l - 30 + 4, -3*l - 2*f = -118. What is the tens digit of l?
3
Suppose 4*x - o = 10, -3*x